{"id":125,"date":"2017-03-24T10:00:14","date_gmt":"2017-03-24T13:00:14","guid":{"rendered":"http:\/\/faubai.org.br\/conf\/2017\/?page_id=125"},"modified":"2017-03-24T10:00:14","modified_gmt":"2017-03-24T13:00:14","slug":"practical-guide-faubai-2017","status":"publish","type":"page","link":"https:\/\/faubai.org.br\/conf\/2017\/practical-guide-faubai-2017\/","title":{"rendered":"Practical Guide FAUBAI 2017"},"content":{"rendered":"<p>&nbsp;<\/p>\n<p><b>Airport | Aeroporto<\/b><\/p>\n<p><i><span style=\"font-weight: 400;\">The Porto Alegre International Airport Salgado Filho,<\/span><\/i><i><span style=\"font-weight: 400;\"> is located at Avenida dos Estados, 747 \u2013 Bairro S\u00e3o Jo\u00e3o, about 10 kilometers (6 miles) away from the city center. Depending on the traffic, it might take up to 15 or 20 minutes from the airport to the hotels.<\/span><\/i><\/p>\n<table>\n<tbody>\n<tr>\n<td><b>Hotel<\/b><\/td>\n<td><b>Km<\/b><\/td>\n<td><b>Up to<\/b><\/td>\n<\/tr>\n<tr>\n<td><i><span style=\"font-weight: 400;\">Master Premium Cosmopolitan<\/span><\/i><\/td>\n<td><i><span style=\"font-weight: 400;\">6 km<\/span><\/i><\/td>\n<td><i><span style=\"font-weight: 400;\">15 minutes<\/span><\/i><\/td>\n<\/tr>\n<tr>\n<td><i><span style=\"font-weight: 400;\">Ibis Porto Alegre Assis Brasil<\/span><\/i><\/td>\n<td><i><span style=\"font-weight: 400;\">9,8 km<\/span><\/i><\/td>\n<td><i><span style=\"font-weight: 400;\">11 minutes<\/span><\/i><\/td>\n<\/tr>\n<tr>\n<td><i><span style=\"font-weight: 400;\">Holiday Inn Porto Alegre<\/span><\/i><\/td>\n<td><i><span style=\"font-weight: 400;\">6,7 km<\/span><\/i><\/td>\n<td><i><span style=\"font-weight: 400;\">17 minutes<\/span><\/i><\/td>\n<\/tr>\n<tr>\n<td><i><span style=\"font-weight: 400;\">Laghetto Viverone Moinhos de Vento<\/span><\/i><\/td>\n<td><i><span style=\"font-weight: 400;\">7,2 km<\/span><\/i><\/td>\n<td><i><span style=\"font-weight: 400;\">18 minutes<\/span><\/i><\/td>\n<\/tr>\n<tr>\n<td><i><span style=\"font-weight: 400;\">Sheraton Porto Alegre<\/span><\/i><\/td>\n<td><i><span style=\"font-weight: 400;\">6,5 km<\/span><\/i><\/td>\n<td><i><span style=\"font-weight: 400;\">19 minutes<\/span><\/i><\/td>\n<\/tr>\n<\/tbody>\n<\/table>\n<p><i><span style=\"font-weight: 400;\">The price of a taxi varies from 40 to 60 Reais (Brazilian currency), that is 12 to 19 American dollars. <\/span><\/i><\/p>\n<p><span style=\"font-weight: 400;\">O Aeroporto Internacional de Porto Alegre &#8211; Salgado Filho est\u00e1 localizado na Av. dos Estados, 747, Bairro S\u00e3o Jo\u00e3o, Porto Alegre &#8211; RS, que dista 10 quil\u00f4metros do Centro de Porto Alegre. Dependendo do tr\u00e2nsito, a ida do aeroporto aos hot\u00e9is leva uma m\u00e9dia de 15 a 20 minutos. Os pre\u00e7os dos t\u00e1xis variam de 40 a 60 Reais.<\/span><\/p>\n<p>&nbsp;<\/p>\n<table>\n<tbody>\n<tr>\n<td><b>Hotel<\/b><\/td>\n<td><b>Km<\/b><\/td>\n<td><b>Por volta de<\/b><\/td>\n<\/tr>\n<tr>\n<td><i><span style=\"font-weight: 400;\">Master Premium Cosmopolitan<\/span><\/i><\/td>\n<td><i><span style=\"font-weight: 400;\">6 km<\/span><\/i><\/td>\n<td><i><span style=\"font-weight: 400;\">15 minutos<\/span><\/i><\/td>\n<\/tr>\n<tr>\n<td><i><span style=\"font-weight: 400;\">Ibis Porto Alegre Assis Brasil<\/span><\/i><\/td>\n<td><i><span style=\"font-weight: 400;\">9,8 km<\/span><\/i><\/td>\n<td><i><span style=\"font-weight: 400;\">11 minutos<\/span><\/i><\/td>\n<\/tr>\n<tr>\n<td><i><span style=\"font-weight: 400;\">Holiday Inn Porto Alegre<\/span><\/i><\/td>\n<td><i><span style=\"font-weight: 400;\">6,7 km<\/span><\/i><\/td>\n<td><i><span style=\"font-weight: 400;\">17 minutos<\/span><\/i><\/td>\n<\/tr>\n<tr>\n<td><i><span style=\"font-weight: 400;\">Laghetto Viverone Moinhos de Vento<\/span><\/i><\/td>\n<td><i><span style=\"font-weight: 400;\">7,2 km<\/span><\/i><\/td>\n<td><i><span style=\"font-weight: 400;\">18 minutos<\/span><\/i><\/td>\n<\/tr>\n<tr>\n<td><i><span style=\"font-weight: 400;\">Sheraton Porto Alegre<\/span><\/i><\/td>\n<td><i><span style=\"font-weight: 400;\">6,5 km<\/span><\/i><\/td>\n<td><i><span style=\"font-weight: 400;\">19 minutos<\/span><\/i><\/td>\n<\/tr>\n<\/tbody>\n<\/table>\n<p>&nbsp;<\/p>\n<p><b>Taxi | T\u00e1xi<\/b><\/p>\n<p><i><span style=\"font-weight: 400;\">There is one taxi company that operate at the airport \u2013 <\/span><\/i><b><i>Cootaero &#8211;\u00a0special taxi <\/i><\/b><i><span style=\"font-weight: 400;\">\u2013 it works for 24 hours. You can go directly to the lobby and ask for a cab at the company\u2019s desk. The telephone number of <\/span><\/i><b><i>Cootaero &#8211;\u00a0special taxi <\/i><\/b><i><span style=\"font-weight: 400;\">is +55 51 3358-2500.<\/span><\/i><\/p>\n<p><span style=\"font-weight: 400;\">Uma empresa de taxi opera no Aeroporto de Porto Alegre &#8211; a <\/span><b>\u00a0Cootaero &#8211;\u00a0t\u00e1xi especial<\/b><span style=\"font-weight: 400;\">, que funciona 24 horas. Pode-se ir diretamente ao lobby e pedir um t\u00e1xi no balc\u00e3o da empresa. O n\u00famero de telefone da <\/span><b>Cootaero \u2013\u00a0t\u00e1xi especial <\/b><span style=\"font-weight: 400;\">\u00e9 +55 51 3358-2500.<\/span><\/p>\n<p>&nbsp;<\/p>\n<p><b>The Conference venue | Local da Confer\u00eancia<\/b><\/p>\n<p><i><span style=\"font-weight: 400;\">The Conference will take place at the Centro de Eventos FIERGS. The address is Avenue Assis Brasil, 8787 \u2013 Porto Alegre \/ RS, Brazil.<\/span><\/i><\/p>\n<p><span style=\"font-weight: 400;\">A Confer\u00eancia ser\u00e1 realizada no Centro de Eventos FIERGS. O endere\u00e7o \u00e9 AV. Assis Brasil, 8787 \u2013 Porto Alegre \/ RS, Brasil.<\/span><\/p>\n<p>&nbsp;<\/p>\n<p><b>Weather Conditions | Temperatura<\/b><\/p>\n<p><i><span style=\"font-weight: 400;\">In April, temperature in Porto Alegre varies from 14 to 28 degrees Celsius (57 to 82 degrees Fahrenheit). <\/span><\/i><\/p>\n<p>No m\u00eas de abril, a temperatura em Fortaleza varia de 17 a 28 graus Celsius (57 to 82 graus Fahrenheit).<\/p>\n<p>&nbsp;<\/p>\n<p><b>Medical recommendations | Recomenda\u00e7\u00f5es M\u00e9dicas<\/b><\/p>\n<p><i><span style=\"font-weight: 400;\">Porto Alegre has around 496,682 km\u00b2. The city has a diverse geography, with hills, lowlands and a large lake, called the Gua\u00edba. It is important to use sunscreen, due to the warm temperatures. We recommend that all participants use insect repellent to avoid mosquitos. We also recommend the purchase of health insurance for the length of your stay in Brazil<\/span><\/i><span style=\"font-weight: 400;\">. <\/span><\/p>\n<p><span style=\"font-weight: 400;\">Porto Alegre tem cerca de 496,682 km\u00b2. A cidade possui uma geografia diversificada, com morros, baixadas e um grande lago, o chamado Gua\u00edba. \u00c9 importante usar protetor solar por conta do clima quente. \u00c9 necess\u00e1rio se precaver e utilizar repelente de insetos para evitar mosquitos. Recomendamos que se fa\u00e7a um seguro-sa\u00fade para a viagem. <\/span><\/p>\n<p>&nbsp;<\/p>\n<p><b>Safety | Seguran\u00e7a <\/b><\/p>\n<p><i><span style=\"font-weight: 400;\">As in any big city, in Porto Alegre you should always pay attention to your belongings, such as purses, wallets, electronic equipment, cameras, cellphones and smartphones.<\/span><\/i><\/p>\n<p><span style=\"font-weight: 400;\">Como em qualquer grande metr\u00f3pole, em Porto Alegre tenha sempre aten\u00e7\u00e3o aos seus pertences, como bolsas, carteiras, equipamentos eletr\u00f4nicos, m\u00e1quinas fotogr\u00e1ficas e telefones celulares. <\/span><\/p>\n<p>&nbsp;<\/p>\n<p><b>Transportation to the conference venue | Transporte para o local da confer\u00eancia<\/b><\/p>\n<p><i><span style=\"font-weight: 400;\">FAUBAI will provide transportation from the following hotels to the Conference Center and back to the hotels: Master Premium Cosmopolitan, Ibis Porto Alegre Assis Brasil, Holiday Inn Porto Alegre, Laghetto Viverone Moinhos de Vento e Sheraton Porto Alegre.<br \/>\n<\/span><\/i><i><span style=\"font-weight: 400;\">The transfer schedule will be available at the hotel lobby.<\/span><\/i><\/p>\n<p><span style=\"font-weight: 400;\">A FAUBAI disponibilizar\u00e1 transporte dos hot\u00e9is credenciados ao Centro de Eventos e de volta aos hot\u00e9is. Os hot\u00e9is s\u00e3o: Master Premium Cosmopolitan, Ibis Porto Alegre Assis Brasil, Holiday Inn Porto Alegre, Laghetto Viverone Moinhos de Vento e Sheraton Porto Alegre.<br \/>\n<\/span><span style=\"font-weight: 400;\">Os hor\u00e1rios de sa\u00edda dos \u00f4nibus estar\u00e3o fixados no lobby dos hot\u00e9is.<\/span><\/p>\n<p>&nbsp;<\/p>\n<p><b>Electricity plugs in Brazil and voltage in Porto Alegre &#8211; 110 V | Modelo de tomada no Brasil e a voltagem em Porto Alegre &#8211; 110 V<br \/>\n<img loading=\"lazy\" decoding=\"async\" class=\"alignnone size-medium wp-image-126\" src=\"http:\/\/faubai.org.br\/conf\/2017\/wp-content\/uploads\/2017\/03\/tomada3pinos-211x300.jpg\" alt=\"tomada3pinos\" width=\"211\" height=\"300\" srcset=\"https:\/\/faubai.org.br\/conf\/2017\/wp-content\/uploads\/2017\/03\/tomada3pinos-211x300.jpg 211w, https:\/\/faubai.org.br\/conf\/2017\/wp-content\/uploads\/2017\/03\/tomada3pinos.jpg 217w\" sizes=\"(max-width: 211px) 100vw, 211px\" \/><br \/>\n<\/b><\/p>\n<p>&nbsp;<\/p>\n","protected":false},"excerpt":{"rendered":"<p>&nbsp; Airport | Aeroporto The Porto Alegre International Airport Salgado Filho, is located at Avenida dos Estados, 747 \u2013 Bairro S\u00e3o Jo\u00e3o, about 10 kilometers (6 miles) away from the city center. Depending on the traffic, it might take up to 15 or 20 minutes from the airport to the hotels. Hotel Km Up to [&hellip;]<\/p>\n","protected":false},"author":1,"featured_media":0,"parent":0,"menu_order":0,"comment_status":"closed","ping_status":"closed","template":"","meta":{"footnotes":""},"_links":{"self":[{"href":"https:\/\/faubai.org.br\/conf\/2017\/wp-json\/wp\/v2\/pages\/125"}],"collection":[{"href":"https:\/\/faubai.org.br\/conf\/2017\/wp-json\/wp\/v2\/pages"}],"about":[{"href":"https:\/\/faubai.org.br\/conf\/2017\/wp-json\/wp\/v2\/types\/page"}],"author":[{"embeddable":true,"href":"https:\/\/faubai.org.br\/conf\/2017\/wp-json\/wp\/v2\/users\/1"}],"replies":[{"embeddable":true,"href":"https:\/\/faubai.org.br\/conf\/2017\/wp-json\/wp\/v2\/comments?post=125"}],"version-history":[{"count":1,"href":"https:\/\/faubai.org.br\/conf\/2017\/wp-json\/wp\/v2\/pages\/125\/revisions"}],"predecessor-version":[{"id":127,"href":"https:\/\/faubai.org.br\/conf\/2017\/wp-json\/wp\/v2\/pages\/125\/revisions\/127"}],"wp:attachment":[{"href":"https:\/\/faubai.org.br\/conf\/2017\/wp-json\/wp\/v2\/media?parent=125"}],"curies":[{"name":"wp","href":"https:\/\/api.w.org\/{rel}","templated":true}]}}